
3, 67
Let k(p) = 0 - 9 + 2 + 0 + 33*p. What are the prime factors of k(3)?
2, 23
Suppose 2*j - v - 117 = 0, 0*j + 2*j - 4*v = 126. Suppose 0 = -68*m + 71*m - 9. Suppose -m*b - 15 = -j. List the prime factors of b.
2, 7
Let r = 432 - -31. List the prime factors of r.
463
Suppose -2840 + 8640 = 10*z. List the prime factors of z.
2, 5, 29
Suppose 346 = -2*s - 2*w, 2*s = 2*w + w - 356. Let y = s - -324. List the prime factors of y.
149
Suppose 19 = -3*f + x + 3, -20 = 4*f - x. Let l be (-3 + 8 + f)*103. Suppose 5*d = l + 62. List the prime factors of d.
3, 11
Let g = 21 + -9. Suppose 25*r - 270 = 15*r. What are the prime factors of r + 1 - g/6?
2, 13
List the prime factors of ((-2135)/15)/(18/(-54)).
7, 61
Suppose 392 - 36 = 4*m. Suppose m = u + 3*r, -u - 2*u - r + 227 = 0. Suppose -4*w - 120 = -4*p, -w = -3*p + u + 26. What are the prime factors of p?
5, 7
Let s be 3 - (-4 - -1 - -1). Suppose s*j - 116 = 4*l, 125 = 4*j - l + 41. List the prime factors of j.
2, 5
Suppose 4*k = 8*k - 32. Suppose k = 4*d - 4. Suppose d*t = 8*t - 95. What are the prime factors of t?
19
Let a = 646 + -336. What are the prime factors of a?
2, 5, 31
Let a(z) = 1174*z**3 - 2*z**2 + 2. What are the prime factors of a(1)?
2, 587
Let b be 5 + -3 - (-3)/1. Suppose -b*o - 28 = -0*o + n, -2*o - 2 = 5*n. Let f = o + 33. List the prime factors of f.
3
Suppose 109611 = 46*v + 11*v. What are the prime factors of v?
3, 641
Let z(m) = m**3 - 27*m**2 - 39*m - 50. What are the prime factors of z(29)?
3, 167
Suppose 3*j - 348 = -6. Let i = 134 + j. What are the prime factors of i?
2, 31
Suppose 0 = -4*f + 8 + 192. Let q = 130 - f. List the prime factors of q.
2, 5
Let a(v) = 5*v - 15. Let h(g) = -1. Let c(m) = a(m) - 6*h(m). Suppose -3*q = 3*u - 27, -4*q + 7*q - 3 = 0. What are the prime factors of c(u)?
31
Let f = 3 - 16. Let v = -11 - f. Suppose 5 = -4*w - 2*d + 73, -44 = -v*w + 4*d. List the prime factors of w.
2, 3
Let t(r) = r**3 - 6*r**2 - r. Let p be t(6). Let u = p + 20. Let j = u - -12. What are the prime factors of j?
2, 13
Let f(b) = b**3 + 19*b**2 - 12*b + 9. List the prime factors of f(-19).
3, 79
Let a = -239 - -985. What are the prime factors of a?
2, 373
Suppose 9*r + 15 = 6*r, 2*r - 562 = 4*k. Let u = k - -175. List the prime factors of u.
2
Let m(j) be the first derivative of 23*j**2/2 - j - 1. Suppose -5*s - 4 = -7*s. List the prime factors of m(s).
3, 5
Let y be 6/15 - 17/(85/(-1848)). Let m = -208 + y. What are the prime factors of m?
2, 3
Let j = -18 + 22. Suppose -3*m = j*g - 260, 0 = -8*g + 3*g + 2*m + 302. What are the prime factors of g?
2, 31
Let u(n) = 3*n**2 + 24*n - 40. List the prime factors of u(-22).
2, 13, 17
Let h(s) = -2 - 1 + 3*s**2 - 5*s + 2*s. Suppose 5*f + 38 = 33. List the prime factors of h(f).
3
Let k be ((102 - 2) + -2)/2. Suppose 4*c - 5*x - 25 = 0, -2*c - 15 = x + 2*x. Suppose 3*q - 6 = 6, c = -3*y + 2*q + k. What are the prime factors of y?
19
List the prime factors of 1 + 0 + (-58 - -3217).
2, 5, 79
Let d(g) = -g**3 - 4*g**2 - 11*g + 4. List the prime factors of d(-9).
2, 127
Suppose -24 = -2*b + 3*s, -2*b + 1 = -5*s - 31. Suppose 204 = -4*x + b*x. Suppose -7 + x = 5*i. List the prime factors of i.
19
Suppose 180 = 6*d - 12. What are the prime factors of 6/(-8) + 1816/d?
2, 7
Suppose 20 = 5*c - 0*c. What are the prime factors of 14/c*((-30)/(-3) + 2)?
2, 3, 7
Suppose -4*x + 9*x - f = 3850, 6*x - 4624 = 2*f. What are the prime factors of x?
769
What are the prime factors of (-111)/(-6)*((-198)/(-3) + 0)?
3, 11, 37
Let g(y) = -8 + 8*y + 26 - 19 - 11. What are the prime factors of g(13)?
2, 23
Suppose 5*h = -h + 30. Suppose 5*y - h - 10 = -4*u, -4*u = -3*y + 9. Suppose -y = i - 17. List the prime factors of i.
2, 7
Suppose 36*t - 9*t = 11718. List the prime factors of t.
2, 7, 31
Let c = 1236 - 439. What are the prime factors of c?
797
Let a = -5 + 8. Suppose s - 571 = -5*g + 5*s, -a*g = -s - 337. What are the prime factors of g?
3, 37
Suppose 3*b + 3*d = -b - 84, 0 = d. Let v be 21*(-7)/(b/6). Let s = 101 - v. What are the prime factors of s?
59
Suppose h + h = 52. Let n = h - 132. Let c = 170 + n. List the prime factors of c.
2
Let y = 884 + -400. What are the prime factors of y?
2, 11
Let q = 592 + -50. List the prime factors of q.
2, 271
List the prime factors of (178/5)/((-12)/(-30)).
89
Let p = 8 - 2. Suppose 60 = p*l + 6. List the prime factors of l.
3
Let u = -75 - -141. Let d be (u/12)/(2/4). Suppose 5*k + 5*c = 215, -3*c - 2 + d = 0. What are the prime factors of k?
2, 5
Let c(l) = -l**3 - 11*l - 5. List the prime factors of c(-5).
5, 7
Let p = -2931 + 5338. What are the prime factors of p?
29, 83
Suppose -183 = -3*r - 591. Let j = 282 + r. List the prime factors of j.
2, 73
List the prime factors of ((-1)/(-1))/((-1)/(-198)).
2, 3, 11
Let n(m) = 8*m - 8 + 22 - 12*m + 5*m. List the prime factors of n(-10).
2
Let v(l) = 55*l**2 - 3*l - 24. Let j be v(-7). What are the prime factors of (-1)/8 + j/32?
2, 3, 7
Let f(s) = -s**3 + 10*s**2 + s + 7. List the prime factors of f(9).
97
Let a(q) = -19*q + 16*q + 2 + 48*q**2 - 4 + 72*q**2. List the prime factors of a(-1).
11
Let d = 2190 + -1404. What are the prime factors of d?
2, 3, 131
Let k = -30 + 39. Let j be 578/k - (-6)/(-27). Suppose -2*h + j = -62. What are the prime factors of h?
3, 7
List the prime factors of ((-24)/20 - 4/(-10))*-965.
2, 193
Suppose -522 - 438 = -6*l. Suppose -86 = -3*x + l. What are the prime factors of x?
2, 41
Suppose 2*i - 45 = -p - 108, 4*p - 5*i = -226. Let v(f) = -27*f - 4. Let b be v(-4). Let r = b + p. What are the prime factors of r?
3, 5
Suppose 5*l - 78 = -4*a - 491, -a - 72 = -5*l. Let r = -185 - a. Let b = r + 144. What are the prime factors of b?
2, 7
What are the prime factors of (-8 - (-260)/70)/((-3)/28)?
2, 5
Let p(q) = -q**3 + 11*q**2 - q + 16. Let i be p(11). Suppose 30 = -4*a - i*m, -4*a + 11*m = 6*m + 10. What are the prime factors of (-4)/a + (-729)/(-45)?
17
Suppose 0 = 5*g - c - 11, -g - g = 5*c + 1. Suppose n = -4*d + 147, -n - 45 = -d - g. What are the prime factors of d?
2, 19
Let n(y) = -4*y**2 - 5*y + 1. Let s be n(-6). Let c = s - -53. What are the prime factors of (12/10)/((-8)/c)?
3
List the prime factors of 8168/16 + ((-21)/(-6) - 2).
2
Suppose -a - 632 = -2*a - 3*c, -2*c = -3*a + 1940. What are the prime factors of a?
2, 7, 23
Suppose -27623 - 3148 = -13*z. List the prime factors of z.
3, 263
Let q = 290 + 1808. What are the prime factors of q?
2, 1049
Let s(k) = k**3 - k**2 - 4*k - 3. Let p be s(-2). Let u(g) = 4*g + 24. Let i be u(p). What are the prime factors of (472/16)/((-2)/i)?
59
Let x = 48 - 41. Suppose x = -t + 14. What are the prime factors of t?
7
Let r = -6 + 43. Suppose r = 2*s - 25. Suppose -m + 41 = 2*w, -5*m + 2*m = -w + s. What are the prime factors of w?
2, 11
Let i(v) = 11*v**2 + 14*v - 16. Let a be i(12). Suppose 6*h + 2*h - a = 0. What are the prime factors of h?
7, 31
Let z be ((-56)/5)/((-12)/30). Let a = z + 33. List the prime factors of a.
61
Suppose y + 70 = w - 2*y, w + y = 82. Let f = -37 + w. What are the prime factors of f?
2, 3, 7
Suppose 4*y - 3*c = 570, y + 5*c = -2*y + 442. Suppose 0 = 7*v - 3*v - y. What are the prime factors of v?
2, 3
Let p = 734 + -389. Let l be 8/(5/(p/6)). Suppose -4*d = -0*d - l. What are the prime factors of d?
23
Let a = -23 - -28. Suppose -4*r - 127 = -4*j - 9*r, a*r = -3*j + 99. List the prime factors of j.
2, 7
Suppose 3*k = -2*c - 3*c + 28, 0 = -k - 3*c + 16. Let q be (3/(9/15))/k. Suppose -q*l = -10, -3*w = w - 3*l - 90. List the prime factors of w.
2, 3
Let j be ((-4)/(-10) + (-981)/15)*1. Let l = 186 + j. What are the prime factors of l?
11
Let g be (9/(-1))/(18/(-48)). Suppose -3*k - 15 = 0, 0 = -6*y + y + 2*k + 35. Suppose 16 = x - 0*x + 3*h, x = -y*h + g. What are the prime factors of x?
2
List the prime factors of 27/18 + (-1971)/(-2).
3, 7, 47
Let g = 0 + -13. Suppose -5*n - 46 = -176. Let w = n + g. What are the prime factors of w?
13
Let z = -112 + 66. Let b = z + 82. What are the prime factors of b?
2, 3
Let d be (-4 - 2)/(2/12). What are the prime factors of 97 - ((-81)/d - 6/(-8))?
2, 47
What are the prime factors of (6 - (-22)/(-5))*2*100?
2, 5
What are the prime factors of 6*2/(-72) - 21895/(-6)?
41, 89
Suppose -1631 = -5*b + 4*n - n, -4*b + 3*